2809?
2
What is the ten thousands digit of 948118?
4
What is the units digit of 9968631?
1
What is the units digit of 44578?
8
What is the tens digit of 922347?
4
What is the hundred thousands digit of 1753248?
7
What is the tens digit of 2562375?
7
What is the thousands digit of 335433?
5
What is the hundred thousands digit of 241159?
2
What is the millions digit of 35853251?
5
What is the millions digit of 3370000?
3
What is the ten thousands digit of 731359?
3
What is the ten thousands digit of 19243849?
4
What is the thousands digit of 4692591?
2
What is the ten thousands digit of 238745?
3
What is the hundred thousands digit of 9576786?
5
What is the units digit of 641549?
9
What is the ten thousands digit of 1456610?
5
What is the ten thousands digit of 10075?
1
What is the ten thousands digit of 366650?
6
What is the units digit of 2744678?
8
What is the hundreds digit of 699560?
5
What is the hundred thousands digit of 167568?
1
What is the hundreds digit of 1241963?
9
What is the ten millions digit of 28773594?
2
What is the tens digit of 869040?
4
What is the units digit of 201104?
4
What is the tens digit of 16755769?
6
What is the hundreds digit of 146604?
6
What is the units digit of 5905444?
4
What is the hundreds digit of 2461241?
2
What is the tens digit of 4492707?
0
What is the thousands digit of 14539996?
9
What is the thousands digit of 239942?
9
What is the units digit of 37940?
0
What is the thousands digit of 765341?
5
What is the tens digit of 1230961?
6
What is the units digit of 14741?
1
What is the ten thousands digit of 6961590?
6
What is the hundreds digit of 4461673?
6
What is the hundreds digit of 3228131?
1
What is the thousands digit of 44298?
4
What is the tens digit of 2334?
3
What is the hundred thousands digit of 3252014?
2
What is the millions digit of 4438262?
4
What is the ten thousands digit of 209240?
0
What is the units digit of 2059862?
2
What is the hundred thousands digit of 1751096?
7
What is the tens digit of 2324375?
7
What is the units digit of 320533?
3
What is the hundreds digit of 4341237?
2
What is the ten thousands digit of 7943390?
4
What is the ten thousands digit of 12529?
1
What is the hundreds digit of 214028?
0
What is the thousands digit of 2311112?
1
What is the tens digit of 8237062?
6
What is the tens digit of 9812401?
0
What is the ten thousands digit of 1716371?
1
What is the tens digit of 220952?
5
What is the units digit of 3223809?
9
What is the units digit of 818018?
8
What is the ten thousands digit of 7171334?
7
What is the tens digit of 1675336?
3
What is the millions digit of 1426541?
1
What is the ten thousands digit of 11875?
1
What is the units digit of 93505?
5
What is the hundreds digit of 918816?
8
What is the tens digit of 376130?
3
What is the thousands digit of 14859200?
9
What is the units digit of 445805?
5
What is the hundreds digit of 293946?
9
What is the hundred thousands digit of 16368095?
3
What is the units digit of 606283?
3
What is the hundreds digit of 19223651?
6
What is the ten thousands digit of 14418123?
1
What is the ten thousands digit of 32753289?
5
What is the hundreds digit of 4669396?
3
What is the hundred thousands digit of 4174146?
1
What is the hundred thousands digit of 273085?
2
What is the hundred thousands digit of 259052?
2
What is the hundred thousands digit of 597023?
5
What is the units digit of 274708?
8
What is the units digit of 70826?
6
What is the tens digit of 75860?
6
What is the units digit of 17555236?
6
What is the tens digit of 233631?
3
What is the thousands digit of 2470094?
0
What is the hundred thousands digit of 558152?
5
What is the tens digit of 12268568?
6
What is the ten thousands digit of 6132666?
3
What is the units digit of 1187011?
1
What is the ten thousands digit of 7455074?
5
What is the units digit of 2190997?
7
What is the hundred thousands digit of 499345?
4
What is the ten thousands digit of 495063?
9
What is the thousands digit of 22483?
2
What is the ten thousands digit of 3272097?
7
What is the millions digit of 10520457?
0
What is the thousands digit of 390339?
0
What is the hundreds digit of 1566428?
4
What is the hundreds digit of 108213?
2
What is the ten thousands digit of 125249?
2
What is the millions digit of 2152068?
2
What is the thousands digit of 19591070?
1
What is the ten thousands digit of 4227406?
2
What is the thousands digit of 64104?
4
What is the millions digit of 32058468?
2
What is the hundreds digit of 100300?
3
What is the units digit of 678452?
2
What is the hundreds digit of 592044?
0
What is the hundred thousands digit of 742313?
7
What is the ten thousands digit of 4454715?
5
What is the thousands digit of 442369?
2
What is the hundred thousands digit of 3186480?
1
What is the thousands digit of 795239?
5
What is the units digit of 3242494?
4
What is the ten thousands digit of 33050564?
5
What is the units digit of 569631?
1
What is the hundred thousands digit of 1486170?
4
What is the hundreds digit of 179218?
2
What is the tens digit of 4529536?
3
What is the hundreds digit of 1789650?
6
What is the thousands digit of 8458704?
8
What is the hundred thousands digit of 687108?
6
What is the units digit of 363010?
0
What is the ten thousands digit of 279827?
7
What is the units digit of 955182?
2
What is the thousands digit of 55958?
5
What is the millions digit of 2072164?
2
What is the hundreds digit of 1586858?
8
What is the ten thousands digit of 696379?
9
What is the hundred thousands digit of 4219463?
2
What is the units digit of 1953549?
9
What is the hundred thousands digit of 4426487?
4
What is the units digit of 390075?
5
What is the hundreds digit of 283544?
5
What is the thousands digit of 96010?
6
What is the thousands digit of 97573?
7
What is the hundreds digit of 1649510?
5
What is the hundreds digit of 10718470?
4
What is the millions digit of 2192240?
2
What is the ten thousands digit of 2805166?
0
What is the hundred thousands digit of 1495744?
4
What is the ten thousands digit of 5378654?
7
What is the thousands digit of 3007239?
7
What is the thousands digit of 348688?
8
What is the tens digit of 763442?
4
What is the tens digit of 327572?
7
What is the hundred thousands digit of 704797?
7
What is the thousands digit of 1345173?
5
What is the ten thousands digit of 2581053?
8
What is the ten thousands digit of 1619911?
1
What is the millions digit of 7236649?
7
What is the thousands digit of 4983567?
3
What is the thousands digit of 2274644?
4
What is the units digit of 49465?
5
What is the thousands digit of 1645894?
5
What is the ten thousands digit of 60178?
6
What is the tens digit of 56322?
2
What is the millions digit of 4237602?
4
What is the hundreds digit of 528522?
5
What is the ten thousands digit of 1214883?
1
What is the thousands digit of 386503?
6
What is the tens digit of 5399714?
1
What is the units digit of 16862554?
4
What is the millions digit of 3316359?
3
What is the ten thousands digit of 746763?
4
What is the thousands digit of 116292?
6
What is the tens digit of 1303458?
5
What is the tens digit of 84528?
2
What is the tens digit of 36384994?
9
What is the thousands digit of 36216?
6
What is the ten thousands digit of 22487631?
8
What is the millions digit of 3488732?
3
What is the hundred thousands digit of 214303?
2
What is the hundred thousands digit of 267225?
2
What is the units digit of 539091?
1
What is the ten thousands digit of 155885?
5
What is the units digit of 287722?
2
What is the units digit of 33663268?
8
What is the hundred thousands digit of 419017?
4
What is the thousands digit of 2245589?
5
What is the thousands digit of 401161?
1
What is the tens digit of 20444361?
6
What is the millions digit of 1407250?
1
What is the ten thousands digit of 3391457?
9
What is the tens digit of 42062644?
4
What is the hundreds digit of 267687?
6
What is the tens digit of 22946546?
4
What is the hundred thousands digit of 314047?
3
What is the units digit of 270291?
1
What is the ten thousands digit of 2930921?
3
What is the tens digit of 6195973?
7
What is the hundreds digit of 157325?
3
What is the thousands digit of 1772875?
2
What is the tens digit of 543175?
7
What is the hundreds digit of 3323886?
8
What is th